ainder when 982 is divided by 44.
14
What is the remainder when 305 is divided by 6?
5
Calculate the remainder when 3145 is divided by 1563.
19
What is the remainder when 213 is divided by 44?
37
What is the remainder when 2399 is divided by 100?
99
What is the remainder when 50 is divided by 32?
18
Calculate the remainder when 466 is divided by 130.
76
What is the remainder when 501 is divided by 3?
0
What is the remainder when 264 is divided by 100?
64
Calculate the remainder when 2799 is divided by 40.
39
Calculate the remainder when 45 is divided by 7.
3
What is the remainder when 27234 is divided by 11?
9
What is the remainder when 30518 is divided by 14?
12
Calculate the remainder when 187 is divided by 117.
70
Calculate the remainder when 579 is divided by 29.
28
Calculate the remainder when 590 is divided by 54.
50
Calculate the remainder when 148 is divided by 92.
56
Calculate the remainder when 2111 is divided by 16.
15
What is the remainder when 217 is divided by 73?
71
What is the remainder when 1689 is divided by 123?
90
What is the remainder when 557 is divided by 249?
59
What is the remainder when 542 is divided by 55?
47
What is the remainder when 91 is divided by 46?
45
What is the remainder when 1159 is divided by 1130?
29
Calculate the remainder when 76 is divided by 39.
37
Calculate the remainder when 9097 is divided by 21.
4
What is the remainder when 66 is divided by 53?
13
What is the remainder when 1103 is divided by 10?
3
What is the remainder when 1598 is divided by 39?
38
What is the remainder when 4728 is divided by 57?
54
What is the remainder when 774 is divided by 12?
6
Calculate the remainder when 432 is divided by 19.
14
What is the remainder when 149 is divided by 54?
41
Calculate the remainder when 866 is divided by 207.
38
What is the remainder when 266 is divided by 173?
93
What is the remainder when 37 is divided by 8?
5
Calculate the remainder when 825 is divided by 6.
3
What is the remainder when 9 is divided by 2?
1
Calculate the remainder when 21690 is divided by 29.
27
What is the remainder when 393 is divided by 44?
41
Calculate the remainder when 120 is divided by 62.
58
What is the remainder when 113 is divided by 2?
1
What is the remainder when 1649 is divided by 59?
56
Calculate the remainder when 317 is divided by 11.
9
Calculate the remainder when 283 is divided by 58.
51
What is the remainder when 110 is divided by 34?
8
Calculate the remainder when 109 is divided by 25.
9
What is the remainder when 3527 is divided by 8?
7
What is the remainder when 197 is divided by 39?
2
What is the remainder when 480 is divided by 121?
117
Calculate the remainder when 60 is divided by 23.
14
Calculate the remainder when 104 is divided by 56.
48
Calculate the remainder when 7181 is divided by 3586.
9
Calculate the remainder when 26 is divided by 15.
11
What is the remainder when 15 is divided by 13?
2
What is the remainder when 70 is divided by 11?
4
What is the remainder when 331 is divided by 274?
57
What is the remainder when 1173 is divided by 586?
1
Calculate the remainder when 253 is divided by 237.
16
What is the remainder when 1228 is divided by 333?
229
Calculate the remainder when 806 is divided by 26.
0
What is the remainder when 541 is divided by 75?
16
Calculate the remainder when 329 is divided by 112.
105
What is the remainder when 1117 is divided by 34?
29
What is the remainder when 59 is divided by 30?
29
Calculate the remainder when 557 is divided by 88.
29
What is the remainder when 13309 is divided by 17?
15
What is the remainder when 17218 is divided by 257?
256
What is the remainder when 538 is divided by 18?
16
What is the remainder when 374 is divided by 27?
23
Calculate the remainder when 22761 is divided by 15.
6
Calculate the remainder when 8245 is divided by 3.
1
What is the remainder when 1078 is divided by 213?
13
Calculate the remainder when 3039 is divided by 18.
15
What is the remainder when 62 is divided by 16?
14
Calculate the remainder when 831 is divided by 13.
12
What is the remainder when 58 is divided by 3?
1
Calculate the remainder when 1372 is divided by 148.
40
Calculate the remainder when 5405 is divided by 53.
52
What is the remainder when 105 is divided by 38?
29
Calculate the remainder when 609 is divided by 105.
84
What is the remainder when 911 is divided by 303?
2
What is the remainder when 261 is divided by 92?
77
Calculate the remainder when 992 is divided by 329.
5
What is the remainder when 240 is divided by 221?
19
Calculate the remainder when 1172 is divided by 42.
38
What is the remainder when 57 is divided by 44?
13
What is the remainder when 367 is divided by 31?
26
What is the remainder when 302 is divided by 85?
47
Calculate the remainder when 61 is divided by 24.
13
What is the remainder when 381 is divided by 92?
13
Calculate the remainder when 101 is divided by 52.
49
Calculate the remainder when 10996 is divided by 42.
34
Calculate the remainder when 811 is divided by 28.
27
Calculate the remainder when 3184 is divided by 177.
175
What is the remainder when 58 is divided by 18?
4
What is the remainder when 920 is divided by 28?
24
What is the remainder when 444 is divided by 16?
12
What is the remainder when 143 is divided by 39?
26
Calculate the remainder when 130 is divided by 31.
6
What is the remainder when 1561 is divided by 17?
14
Calculate the remainder when 153 is divided by 37.
5
What is the remainder when 124 is divided by 6?
4
Calculate the remainder when 4837 is divided by 103.
99
What is the remainder when 15207 is divided by 338?
335
What is the remainder when 312 is divided by 45?
42
What is the remainder when 3693 is divided by 66?
63
What is the remainder when 351 is divided by 110?
21
Calculate the remainder when 52 is divided by 11.
8
What is the remainder when 84 is divided by 23?
15
Calculate the remainder when 761 is divided by 86.
73
What is the remainder when 7023 is divided by 25?
23
Calculate the remainder when 10447 is divided by 4.
3
Calculate the remainder when 405 is divided by 106.
87
What is the remainder when 582 is divided by 289?
4
What is the remainder when 549 is divided by 50?
49
What is the remainder when 327 is divided by 59?
32
What is the remainder when 216 is divided by 100?
16
Calculate the remainder when 1977 is divided by 390.
27
What is the remainder when 2982 is divided by 272?
262
What is the remainder when 849 is divided by 34?
33
Calculate the remainder when 822 is divided by 144.
102
What is the remainder when 35 is divided by 12?
11
What is the remainder when 325 is divided by 62?
15
Calculate the remainder when 421 is divided by 113.
82
What is the remainder when 1524 is divided by 317?
256
Calculate the remainder when 29 is divided by 23.
6
What is the remainder when 168 is divided by 50?
18
Calculate the remainder when 591 is divided by 144.
15
Calculate the remainder when 6478 is divided by 54.
52
Calculate the remainder when 59 is divided by 15.
14
What is the remainder when 2934 is divided by 731?
10
Calculate the remainder when 2810 is divided by 22.
16
What is the remainder when 72 is divided by 15?
12
Calculate the remainder when 665 is divided by 328.
9
What is the remainder when 2063 is divided by 1023?
17
What is the remainder when 584 is divided by 39?
38
What is the remainder when 599 is divided by 61?
50
Calculate the remainder when 12809 is divided by 61.
60
What is the remainder when 131 is divided by 44?
43
What is the remainder when 45729 is divided by 37?
34
Calculate the remainder when 2890 is divided by 138.
130
What is the remainder when 43 is divided by 2?
1
What is the remainder when 877 is divided by 55?
52
Calculate the remainder when 580 is divided by 34.
2
What is the remainder when 47 is divided by 19?
9
Calculate the remainder when 501 is divided by 31.
5
Calculate the remainder when 82 is divided by 57.
25
What is the remainder when 97 is divided by 5?
2
What is the remainder when 835 is divided by 19?
18
Calculate the remainder when 2694 is divided by 29.
26
Calculate the remainder when 326 is divided by 179.
147
What is the remainder when 1555 is divided by 85?
25
Calculate the remainder when 759 is divided by 284.
191
What is the remainder when 777 is d